ulate the greatest common factor of 2565 and 113373.
513
Calculate the highest common factor of 1750 and 97854925.
175
What is the highest common factor of 47214396 and 11151?
531
Calculate the greatest common divisor of 325886 and 198.
22
What is the greatest common factor of 3344 and 12545168?
304
Calculate the highest common divisor of 546172692 and 156.
156
Calculate the highest common factor of 4290 and 3305115.
165
What is the greatest common divisor of 142 and 2498845?
71
Calculate the highest common divisor of 252380 and 8980.
20
What is the greatest common factor of 219 and 158753319?
219
Calculate the highest common divisor of 162 and 34960167.
81
What is the greatest common divisor of 1585778 and 458983?
551
Calculate the highest common divisor of 2176 and 598656.
128
What is the greatest common factor of 60 and 6749322?
6
Calculate the highest common factor of 1328 and 7099073.
83
What is the highest common divisor of 54 and 60229386?
54
Calculate the highest common factor of 140864 and 2575232.
1984
Calculate the highest common factor of 1926 and 1018132713.
963
Calculate the greatest common factor of 1900032 and 848582.
2474
What is the highest common factor of 30 and 709019685?
15
What is the highest common divisor of 29618004 and 156?
156
Calculate the greatest common factor of 9050202 and 15888.
1986
Calculate the greatest common divisor of 3338203 and 77.
11
What is the highest common divisor of 1290043 and 28595?
817
Calculate the highest common factor of 4899681 and 1378737.
4491
What is the greatest common factor of 22638 and 15758358?
462
Calculate the greatest common divisor of 1387 and 48194381.
73
Calculate the highest common divisor of 5177350 and 218450.
850
Calculate the highest common divisor of 36087568 and 286.
22
Calculate the greatest common factor of 1282 and 222806.
2
Calculate the highest common factor of 115768 and 35429.
499
What is the greatest common divisor of 295 and 13002125?
295
What is the greatest common factor of 769472 and 3872?
352
What is the greatest common divisor of 399265 and 32281?
1699
Calculate the highest common divisor of 427 and 8445084.
61
What is the greatest common factor of 79494453 and 24015?
4803
Calculate the greatest common divisor of 9837178 and 26.
26
What is the highest common factor of 238938143 and 215?
43
What is the greatest common factor of 2327 and 1647594?
13
Calculate the highest common divisor of 38130949 and 289.
289
What is the highest common factor of 3655 and 4975745?
215
Calculate the greatest common divisor of 1550929 and 7849.
167
What is the highest common divisor of 18724350 and 4650?
150
Calculate the greatest common divisor of 10389654 and 82566.
594
What is the highest common divisor of 175 and 1849225?
175
What is the highest common factor of 4060 and 780150?
70
What is the greatest common factor of 666528 and 864?
96
Calculate the highest common factor of 162516 and 368532.
348
What is the highest common divisor of 3168 and 3276108?
396
Calculate the greatest common divisor of 16275120 and 80.
80
Calculate the highest common divisor of 79296 and 602980.
1652
What is the greatest common factor of 251163 and 45371?
59
What is the highest common divisor of 4459315 and 2408?
301
Calculate the highest common divisor of 19626587 and 13943.
191
Calculate the greatest common factor of 462 and 1783252086.
462
Calculate the highest common factor of 2448 and 5798904.
408
What is the highest common divisor of 4470 and 20077005?
2235
What is the greatest common factor of 1164 and 846810?
582
Calculate the greatest common factor of 30038 and 6946.
46
Calculate the highest common factor of 6562855 and 159185.
2015
What is the greatest common divisor of 32761746 and 27?
27
Calculate the highest common factor of 1302455 and 6366010.
6965
What is the greatest common factor of 1020159 and 32004?
63
Calculate the greatest common divisor of 3724 and 12860834.
1862
What is the highest common factor of 6640604 and 147893?
2083
Calculate the highest common divisor of 1825 and 138975.
25
What is the highest common divisor of 11 and 480079974?
11
Calculate the greatest common divisor of 12129850 and 2440.
610
Calculate the highest common factor of 73 and 284654959.
73
Calculate the highest common divisor of 34229662 and 4514.
4514
What is the highest common divisor of 658810 and 230?
10
Calculate the greatest common divisor of 36 and 592541580.
12
Calculate the highest common divisor of 3206497 and 1197.
133
What is the highest common divisor of 6846 and 178234?
14
What is the greatest common factor of 4067294 and 196?
98
Calculate the highest common factor of 26249200 and 7185.
2395
What is the greatest common factor of 21536 and 12088?
8
Calculate the highest common factor of 6094 and 1645934.
554
What is the greatest common divisor of 14028 and 6702?
6
Calculate the greatest common factor of 5194 and 20458.
106
What is the highest common divisor of 3000711219 and 11?
11
Calculate the greatest common factor of 47265 and 6992.
23
Calculate the highest common divisor of 900 and 290938350.
150
Calculate the greatest common factor of 211 and 282675223.
211
Calculate the greatest common divisor of 13298866 and 10.
2
Calculate the highest common factor of 102866465 and 83.
83
What is the highest common divisor of 164 and 12712952?
164
What is the greatest common factor of 59877493 and 52?
13
What is the highest common factor of 3421035 and 3240?
405
Calculate the greatest common divisor of 6759 and 52323672.
2253
Calculate the greatest common factor of 156670 and 130.
10
Calculate the greatest common factor of 8872068 and 84.
12
Calculate the highest common divisor of 76379071 and 62.
31
Calculate the greatest common factor of 1620252 and 126.
18
What is the highest common factor of 1450 and 524842?
58
What is the greatest common divisor of 43618 and 11526?
226
What is the highest common divisor of 7321563 and 27?
27
Calculate the highest common factor of 3135 and 585984795.
3135
Calculate the greatest common divisor of 68 and 52009783.
17
What is the greatest common factor of 30 and 127026150?
30
Calculate the highest common factor of 84190 and 39170.
10
Calculate the greatest common factor of 34442 and 8365354.
2026
Calculate the greatest common divisor of 6530703 and 58701.
51
Calculate the greatest common factor of 778 and 3698432282.
778
Calculate the highest common divisor of 10 and 5659715.
5
What is the highest common factor of 187768 and 678356?
196
What is the highest common factor of 181 and 6061328?
181
Calculate the greatest common factor of 5132428 and 112.
28
What is the highest common factor of 858 and 37033810?
22
What is the highest common divisor of 399873 and 114?
3
Calculate the greatest common factor of 14376 and 105720.
24
What is the greatest common divisor of 217 and 10244012?
31
What is the highest common divisor of 217 and 1016869?
7
What is the greatest common factor of 900 and 20289960?
180
Calculate the highest common factor of 60940247 and 94.
47
Calculate the highest common factor of 1780511 and 68864.
269
What is the highest common factor of 434976 and 22752?
96
What is the highest common factor of 33 and 17001809?
11
Calculate the highest common divisor of 396918157 and 29.
29
Calculate the greatest common divisor of 169893 and 6102216.
387
What is the greatest common divisor of 47304836 and 1724?
1724
What is the greatest common factor of 802523849 and 409?
409
Calculate the greatest common factor of 402 and 44222.
2
Calculate the greatest common divisor of 5652 and 443052744.
1884
What is the highest common factor of 1298 and 3575638?
22
What is the greatest common divisor of 127054949 and 43064?
5383
What is the highest common factor of 100 and 2671240?
20
What is the highest common factor of 1187540911 and 7886?
3943
What is the highest common divisor of 104416 and 106926?
502
What is the greatest common factor of 4053 and 7346931?
579
What is the greatest common divisor of 495725776 and 5656?
5656
What is the highest common divisor of 342 and 421887951?
171
What is the greatest common factor of 103332 and 11837676?
948
What is the highest common factor of 72412056 and 1296?
648
What is the highest common factor of 640 and 615145?
5
Calcu